{"id":874,"date":"2022-08-25T13:15:33","date_gmt":"2022-08-25T13:15:33","guid":{"rendered":"https:\/\/www.chocolateskron.com\/?post_type=product&#038;p=874"},"modified":"2023-09-07T16:25:53","modified_gmt":"2023-09-07T16:25:53","slug":"chocotina","status":"publish","type":"product","link":"https:\/\/www.chocolateskron.com\/index.php\/producto\/chocotina\/","title":{"rendered":"Chocotina"},"content":{"rendered":"<p style=\"font-weight: 400;\">Nuestro untable Chocotina es un producto vers\u00e1til y pr\u00e1ctico, con la textura m\u00e1s cremosa, que adem\u00e1s ofrece variedad de sabores.<\/p>\n<p style=\"font-weight: 400;\">Puede utilizarse de manera directa en cubiertas y rellenos. Con Chocotina puedes decorar y cubrir tortas, bizcochos, brownies e incluso helados. Como relleno puede utilizarse en tartaletas, profiteroles, bombas, donas y m\u00e1s.<\/p>\n<p style=\"font-weight: 400;\">Tambi\u00e9n sirve como ingrediente en otras preparaciones, como cremas de mantequilla, crema pastelera y pudines, entre otros.<\/p>\n<p style=\"font-weight: 400;\">Pru\u00e9bala en todos sus sabores:<\/p>\n<ul>\n<li style=\"font-weight: 400;\">Chocolate y Avellana<\/li>\n<li style=\"font-weight: 400;\">Chocolate y Malta<\/li>\n<li style=\"font-weight: 400;\">Chocolate Blanco<\/li>\n<li style=\"font-weight: 400;\">Chocolate<\/li>\n<\/ul>\n<p style=\"font-weight: 400;\">Disponible en: tubitos de 30g, tarros de 200g, 500 g y 1 kg. Cu\u00f1ete de 4,5 kg.<\/p>\n<div class=\"su-table su-table-alternate\">\n<table style=\"height: 585px;\" width=\"522\">\n<tbody>\n<tr>\n<td width=\"80\">\n<h3>C\u00f3digo<\/h3>\n<\/td>\n<td width=\"328\">\n<h3>Producto<\/h3>\n<\/td>\n<\/tr>\n<tr>\n<td>52077012<\/td>\n<td>CHOCOTINA MALTA 4 X 12 X 30GR<\/td>\n<\/tr>\n<tr>\n<td>52077016<\/td>\n<td>CHOCOTINA AVELLANA 4 X 12 X 30GR<\/td>\n<\/tr>\n<tr>\n<td>52077026<\/td>\n<td>CHOCOTINA BLANCO 4 X 12 X 30GR<\/td>\n<\/tr>\n<tr>\n<td>52077089<\/td>\n<td>CHOCOTINA FRESA 4 X 12 X 30GR<\/td>\n<\/tr>\n<tr>\n<td>52077096<\/td>\n<td>CHOCOTINA CHOCOLATE 4 X 12 X 30GR<\/td>\n<\/tr>\n<tr>\n<td>52077070<\/td>\n<td>CHOCOTINA MALTA TWO PACK 24 X 2 X 30GR<\/td>\n<\/tr>\n<tr>\n<td>52077068<\/td>\n<td>CHOCOTINA AVELLANA TWO PACK 24 X 2 X 30GR<\/td>\n<\/tr>\n<tr>\n<td>52077069<\/td>\n<td>CHOCOTINA BLANCO TWO PACK 24 X 2 X 30GR<\/td>\n<\/tr>\n<tr>\n<td>52077199<\/td>\n<td>CHOCOTINA AVELLANA 32 X 200GR<\/td>\n<\/tr>\n<tr>\n<td>52077196<\/td>\n<td>CHOCOTINA MALTA 32 X 200GR<\/td>\n<\/tr>\n<tr>\n<td>52077193<\/td>\n<td>CHOCOTINA BLANCO 32 X 200GR<\/td>\n<\/tr>\n<tr>\n<td>52077202<\/td>\n<td>CHOCOTINA CHOCOLATE 32 X 200GR<\/td>\n<\/tr>\n<tr>\n<td>52077198<\/td>\n<td>CHOCOTINA AVELLANA 14 X 200GR<\/td>\n<\/tr>\n<tr>\n<td>52077195<\/td>\n<td>CHOCOTINA MALTA 14 X 200GR<\/td>\n<\/tr>\n<tr>\n<td>52077192<\/td>\n<td>CHOCOTINA BLANCO 14 X 200GR<\/td>\n<\/tr>\n<tr>\n<td>52077201<\/td>\n<td>CHOCOTINA CHOCOLATE 14 X 200GR<\/td>\n<\/tr>\n<tr>\n<td>52077030<\/td>\n<td>CHOCOTINA MALTA 4,5KG<\/td>\n<\/tr>\n<tr>\n<td>52077031<\/td>\n<td>CHOCOTINA AVELLANA 4,5KG<\/td>\n<\/tr>\n<tr>\n<td>52077032<\/td>\n<td>CHOCOTINA BLANCO 4,5KG<\/td>\n<\/tr>\n<tr>\n<td>52077092<\/td>\n<td>CHOCOTINA FRESA 4,5KG<\/td>\n<\/tr>\n<tr>\n<td>52077099<\/td>\n<td>CHOCOTINA CHOCOLATE 4,5KG<\/td>\n<\/tr>\n<tr>\n<td>52077048<\/td>\n<td>CHOCOTINA MALTA 1 X 6 X 1KG<\/td>\n<\/tr>\n<tr>\n<td>52077049<\/td>\n<td>CHOCOTINA AVELLANA 1 X 6 X 1KG<\/td>\n<\/tr>\n<tr>\n<td>52077050<\/td>\n<td>CHOCOTINA BLANCO 1 X 6 X 1KG<\/td>\n<\/tr>\n<tr>\n<td>52077107<\/td>\n<td>CHOCOTINA FRESA 6 X 1GR<\/td>\n<\/tr>\n<tr>\n<td>52077125<\/td>\n<td>CHOCOTINA CHOCOLATE 6 X 1GR<\/td>\n<\/tr>\n<tr>\n<td>52077118<\/td>\n<td>CHOCOTINA MALTA 6 X 500GR<\/td>\n<\/tr>\n<tr>\n<td>52077120<\/td>\n<td>CHOCOTINA AVELLANA 6 X 500GR<\/td>\n<\/tr>\n<tr>\n<td>52077119<\/td>\n<td>CHOCOTINA BLANCO 6 X 500GR<\/td>\n<\/tr>\n<tr>\n<td>52077121<\/td>\n<td>CHOCOTINA FRESA 6 X 500GR<\/td>\n<\/tr>\n<tr>\n<td>52077123<\/td>\n<td>CHOCOTINA CHOCOLATE 6 X 500GR<\/td>\n<\/tr>\n<tr>\n<td>52077014<\/td>\n<td>CHOCOTINA MALTA 12 X 30GR<\/td>\n<\/tr>\n<tr>\n<td>52077018<\/td>\n<td>CHOCOTINA AVELLANA 12 X 30GR<\/td>\n<\/tr>\n<tr>\n<td>52077025<\/td>\n<td>CHOCOTINA BLANCO 12 X 30GR<\/td>\n<\/tr>\n<tr>\n<td>52077090<\/td>\n<td>CHOCOTINA FRESA 12 X 30GR<\/td>\n<\/tr>\n<tr>\n<td>52077097<\/td>\n<td>CHOCOTINA CHOCOLATE 12 X 30GR<\/td>\n<\/tr>\n<tr>\n<td>52077015<\/td>\n<td>CHOCOTINA MALTA TWO PACK 2 X 30GR<\/td>\n<\/tr>\n<tr>\n<td>52077019<\/td>\n<td>CHOCOTINA AVELLANA TWO PACK 2 X 30GR<\/td>\n<\/tr>\n<tr>\n<td>52077056<\/td>\n<td>CHOCOTINA BLANCO WO PACK 2 X 30GR<\/td>\n<\/tr>\n<tr>\n<td>52077030<\/td>\n<td>CHOCOTINA MALTA 4,5 KG<\/td>\n<\/tr>\n<tr>\n<td>52077031<\/td>\n<td>CHOCOTINA AVELLANA 4,5KG<\/td>\n<\/tr>\n<tr>\n<td>52077032<\/td>\n<td>CHOCOTINA BLANCO 4,5KG<\/td>\n<\/tr>\n<tr>\n<td>52077092<\/td>\n<td>CHOCOTINA FRESA 4,5KG<\/td>\n<\/tr>\n<tr>\n<td>52077099<\/td>\n<td>CHOCOTINA CHOCOLATE 4,5KG<\/td>\n<\/tr>\n<tr>\n<td>52077047<\/td>\n<td>CHOCOTINA AVELLANA 1KG<\/td>\n<\/tr>\n<tr>\n<td>52077046<\/td>\n<td>CHOCOTINA BLANCO 1KG<\/td>\n<\/tr>\n<tr>\n<td>52077045<\/td>\n<td>CHOCOTINA MALTA 1KG<\/td>\n<\/tr>\n<tr>\n<td>52077093<\/td>\n<td>CHOCOTINA FRESA 1KG<\/td>\n<\/tr>\n<tr>\n<td>52077100<\/td>\n<td>CHOCOTINA CHOCOLATE 1KG<\/td>\n<\/tr>\n<tr>\n<td>52077036<\/td>\n<td>CHOCOTINA MALTA 500GR<\/td>\n<\/tr>\n<tr>\n<td>52077037<\/td>\n<td>CHOCOTINA AVELLANA 500GR<\/td>\n<\/tr>\n<tr>\n<td>52077038<\/td>\n<td>CHOCOTINA BLANCO 500GR<\/td>\n<\/tr>\n<tr>\n<td>52077122<\/td>\n<td>CHOCOTINA FRESA 500GR<\/td>\n<\/tr>\n<tr>\n<td>52077124<\/td>\n<td>CHOCOTINA CHOCOLATE 500GR<\/td>\n<\/tr>\n<tr>\n<td>52077197<\/td>\n<td>CHOCOTINA MALTA\u00a0 200GR<\/td>\n<\/tr>\n<tr>\n<td>52077200<\/td>\n<td>CHOCOTINA AVELLANA 200GR<\/td>\n<\/tr>\n<tr>\n<td>52077194<\/td>\n<td>CHOCOTINA BLANCO 200GR<\/td>\n<\/tr>\n<tr>\n<td>52077203<\/td>\n<td>CHOCOTINA CHOCOLATE 200GR<\/td>\n<\/tr>\n<\/tbody>\n<\/table>\n<\/div>\n","protected":false},"excerpt":{"rendered":"<p style=\"font-weight: 400; text-align: left;\">Nuestro untable Chocotina es un producto vers\u00e1til y pr\u00e1ctico, con la textura m\u00e1s cremosa, que adem\u00e1s ofrece variedad de sabores.<\/p>\n<p style=\"font-weight: 400; text-align: left;\">Puede utilizarse de manera directa en cubiertas y rellenos. Con Chocotina puedes decorar y cubrir tortas, bizcochos, brownies e incluso helados. Como relleno puede utilizarse en tartaletas, profiteroles, bombas, donas y m\u00e1s.<\/p>\n<p style=\"font-weight: 400; text-align: left;\">Tambi\u00e9n sirve como ingrediente en otras preparaciones, como cremas de mantequilla, crema pastelera y pudines, entre otros.<\/p>\n<p style=\"font-weight: 400; text-align: left;\">Disponible en: tubitos de 30g, tarros de 200 g, 500 g y 1 kg. Cu\u00f1ete de 4,5 kg.<\/p>\n","protected":false},"featured_media":1538,"comment_status":"open","ping_status":"closed","template":"","meta":{"jetpack_publicize_message":"","jetpack_is_tweetstorm":false,"jetpack_publicize_feature_enabled":true},"product_cat":[137,10,138,111],"product_tag":[109,135,107,136,134,110,108],"jetpack_publicize_connections":[],"jetpack_sharing_enabled":true,"_links":{"self":[{"href":"https:\/\/www.chocolateskron.com\/index.php\/wp-json\/wp\/v2\/product\/874"}],"collection":[{"href":"https:\/\/www.chocolateskron.com\/index.php\/wp-json\/wp\/v2\/product"}],"about":[{"href":"https:\/\/www.chocolateskron.com\/index.php\/wp-json\/wp\/v2\/types\/product"}],"replies":[{"embeddable":true,"href":"https:\/\/www.chocolateskron.com\/index.php\/wp-json\/wp\/v2\/comments?post=874"}],"wp:featuredmedia":[{"embeddable":true,"href":"https:\/\/www.chocolateskron.com\/index.php\/wp-json\/wp\/v2\/media\/1538"}],"wp:attachment":[{"href":"https:\/\/www.chocolateskron.com\/index.php\/wp-json\/wp\/v2\/media?parent=874"}],"wp:term":[{"taxonomy":"product_cat","embeddable":true,"href":"https:\/\/www.chocolateskron.com\/index.php\/wp-json\/wp\/v2\/product_cat?post=874"},{"taxonomy":"product_tag","embeddable":true,"href":"https:\/\/www.chocolateskron.com\/index.php\/wp-json\/wp\/v2\/product_tag?post=874"}],"curies":[{"name":"wp","href":"https:\/\/api.w.org\/{rel}","templated":true}]}}